m = 479 + -294. What is the tens digit of m?
8
Let x(m) be the second derivative of 3*m - 3*m**2 + 1/6*m**3 + 0. What is the units digit of x(11)?
5
Let n(v) = 4*v - 14. Let l be n(4). Suppose 3*m + l*c - 5 = 13, -5*m = -5*c - 30. What is the units digit of m?
6
What is the tens digit of (-433)/(-2) - 8/16?
1
Let k(r) = 2 + 11 - r + r**2 + 8 + 0*r**2. Let t(z) = 2*z**2 - 2*z + 43. Let f(l) = 13*k(l) - 6*t(l). What is the units digit of f(0)?
5
Let d = -242 + 347. What is the tens digit of d?
0
Let m(d) be the second derivative of -d**3/3 - 2*d**2 - 3*d. What is the units digit of m(-5)?
6
Let d(k) = k**2 + 3*k - 3. Let c be d(-4). Suppose -34 - c = -i. What is the units digit of i?
5
Suppose -2*w = 5*m - 205, 4*w + 0*w = 2*m + 350. Suppose -105 = -5*l + w. What is the tens digit of l?
3
Suppose 5*s = 2*s. Suppose -4*m + 0*m + 24 = s. What is the units digit of m?
6
Suppose -i + 0*h + 3*h = 18, h = 5. Let a be (8/i)/(1/3). Let n = a + 13. What is the units digit of n?
5
Suppose -3*w + 13 = 5*c, 5*w + 3 = 2*c + 2*c. Suppose -c*q - 2*q = -124. What is the units digit of q?
1
Let k be (3 + -5)/(-1)*3. Let b be (10/k)/(1/(-9)). Let o = -10 - b. What is the units digit of o?
5
Let l(f) = -f**3 + 7*f**2 - 7*f + 5. Let b be ((-15)/(-9))/(2/6). Let u be l(b). Suppose -d - 3*r + u = -5*r, -5*d - 3*r = -48. What is the tens digit of d?
1
Let r(s) be the third derivative of 2*s**2 + 1/3*s**3 + 7/24*s**4 + 0*s + 0 + 1/60*s**5. What is the units digit of r(-7)?
2
Let f be (-162)/(-21) - (-4)/14. Let h = f - 5. Let b = h + -2. What is the units digit of b?
1
Let u(l) = -12*l - 18. What is the units digit of u(-8)?
8
Let y be (2 - 8)/((-4)/10). Let k = 24 + -14. Suppose y = 5*u - k. What is the units digit of u?
5
Let z be (-8 - -5)*-1*1. Let j = -1 + z. Suppose -4*h - 4 = 0, 3*p + j*p - 3*h - 43 = 0. What is the units digit of p?
8
Let n be (10/1)/(8/60). Suppose 2*q = -3*q + n. What is the tens digit of q?
1
Let z(b) = -2*b**3 - 7*b**2 + 9*b + 31. Let j(y) = -4*y**2 - 8 - 5*y + 8*y**2 - 8 + y**3. Let a(w) = 7*j(w) + 4*z(w). What is the tens digit of a(0)?
1
Suppose -5*h - 4*g + 738 = 0, -3*h + 444 = 7*g - 4*g. What is the hundreds digit of h?
1
Let h = 324 - 218. What is the hundreds digit of h?
1
Let j = 39 + -24. Suppose 21 + j = 3*d. What is the tens digit of d?
1
Let b = 1 - -3. Suppose -b*n = -n - 15. What is the units digit of n?
5
Let g(s) = 2 + s - 3 - 2 + 1. What is the units digit of g(7)?
5
Suppose 4*n + 6 = -5*j - 3, 0 = 2*j + 2. Let g = 0 - n. What is the units digit of g?
1
Let o = 16 - -4. Let w = -11 - 3. Let g = w + o. What is the units digit of g?
6
Let q = -148 + 264. What is the units digit of q?
6
Let v = 26 - 26. Suppose 6*a - 15 - 3 = v. What is the units digit of a?
3
Suppose 0 = -5*t + 6 + 4. Suppose -z = -t + 1. What is the units digit of -10*z*(-6)/5?
2
What is the units digit of (-38)/(3 + (1 - 6))?
9
Suppose -62 = -5*b + 5*g - 7, 3*g - 27 = -2*b. Suppose w - b = -3. What is the units digit of (-15)/(w/3)*-1?
5
Suppose y - r = -4*r + 10, -3*r = -2*y + 2. Suppose 0 = 21*j - 18*j + 75. What is the units digit of (-110)/j - y/10?
4
Let y = -14 + 12. Let u(o) = 6*o**2. What is the tens digit of u(y)?
2
Suppose 5*g = 4*a - 625, -2*g + 0*g - 157 = -a. Suppose 3*z = -2*w + 89, 41 = -4*z + 2*w + a. What is the tens digit of z?
2
Suppose -p = -0*p - 3*s + 9, -2*p + 4*s = 12. Suppose -5*r + 55 - 10 = p. What is the units digit of r?
9
Suppose 2*d = d + 8. What is the units digit of d?
8
Let f be 3/(-9) + 39/9. Suppose f*x = x. Suppose -3*a + 2 - 5 = x, -2*i + 2*a = -30. What is the tens digit of i?
1
Let b(n) = n**2 + 5*n + 2. Let h be b(-5). Suppose -2*g = -5*d + 4*d + 9, 5*d - h*g = 85. What is the units digit of d?
9
Let q be (-10)/((-2 + 1)*-1). What is the units digit of 8/q*2*-5?
8
What is the units digit of (1 + (-8)/6)*-246?
2
Suppose 0*d + 80 = 5*d. Let r be (d/10)/((-2)/(-5)). Suppose -u - 2*w - 9 = -r*u, -2*u = 3*w + 7. What is the units digit of u?
1
Suppose 2*l + 0*l - 6 = 0. Suppose w - 11 = -3*n, n - l*w + 0*w + 13 = 0. What is the units digit of n?
2
What is the hundreds digit of 22/(-99) - (-2)/((-18)/(-2315))?
2
Suppose 0 = k + 1. Let j be (-2 - 6/(-2))/k. What is the units digit of (13/(-3) - j)*-3?
0
Let m(t) = 11*t. What is the units digit of m(2)?
2
Suppose -5*y = 3 - 23. Suppose a = -2*c + 4, 68 = y*a - 0*c - 5*c. What is the units digit of a?
2
Let w(g) = -g**2 + 3*g. Let k be w(4). What is the tens digit of (k/3)/((-1)/15)?
2
Let q(l) = l**3 - 5*l**2 - 2*l - 8. Let n be q(7). Suppose 2*r - n = -0*r. What is the tens digit of r?
3
Suppose -2*o + 24 = -5*l, 2*l + 0*o + 10 = o. Let r = l - -4. Suppose 7 = y - r. What is the units digit of y?
7
Let w = -1 + 4. Let b be 4/w*(-9)/(-6). Suppose 0 = r - b. What is the units digit of r?
2
Suppose 0 = -p + 7 + 17. What is the tens digit of p?
2
Let m be (2/6)/((-2)/(-18)). Suppose 0 = 2*x - 2*g + 2, -2*g + 5 = m*g. Let n = x - -2. What is the units digit of n?
2
Suppose 3*v - 30 = -2*v. Let x be (-2)/v + 40/(-6). Let o = -3 - x. What is the units digit of o?
4
Suppose 2*o - 4 = o. Suppose 0 = o*p + 3*h - 49, -p = -4*h - 8 - 9. What is the units digit of p?
3
Let n = 328 - 231. What is the units digit of n?
7
Suppose -4*i = -2*i - 6. Suppose 14 = i*a - 2*a. What is the units digit of a?
4
Let p(i) = 44*i**2 + 2. What is the units digit of p(2)?
8
Let v be -1 + 4 + -1 + 2. Let s = 1 - 0. Suppose v*u = d - 4, -d - u = -8 - s. What is the units digit of d?
8
Suppose -4*d = -4*h - d + 17, 5*h - 22 = 3*d. Suppose h*s + 0 = 25, 25 = -3*a + 5*s. Let j = 2 - a. What is the units digit of j?
2
Let t be 2/(-12) + (-1)/(-6). What is the units digit of (-1 - (t + -6)) + -3?
2
Let t(l) = 3*l**2 - l + 1. Let j be t(2). Suppose -5*q - j = -56. Suppose -d + q = m + m, 4*d = m. What is the units digit of d?
1
Let u(b) = -5*b - 12. Let t be u(-8). Let s(x) = x**3 + 3*x**2 + x - 2. Let o be s(-2). Suppose -2*p + t = -o*p. What is the units digit of p?
4
Suppose -m + 12 = -4. Let y = -6 + m. Suppose 3*d = y + 14. What is the units digit of d?
8
Suppose 0 = -5*c + 3*v + 437, c + 2*v - 442 = -4*c. Suppose r - 2 = 0, 5*r - c = -2*i + 3*r. What is the tens digit of i?
4
Let r(i) = -i**2 - 7*i + 2. Let u be r(-7). Let o = u + 12. What is the units digit of o?
4
Let f(h) = h**2 - h + 1. Let m be f(-4). Let n be (-7)/(m/(-18)) + -2. Suppose 4*j - n*g - 30 = 2*j, 50 = 4*j - 3*g. What is the units digit of j?
1
Suppose z + 1 = 4. Suppose -3*o + z = -0*o. What is the units digit of o?
1
Suppose 7*o = 83 + 218. What is the tens digit of o?
4
Let g(m) = -3 + 0*m - 7*m**2 - m + m**3 - 2*m**3. Let t be g(-7). Suppose t*x + 4*o = 5 + 7, -5*x - 4*o = -16. What is the units digit of x?
4
Suppose 0 = 5*s + 3*h - 1626, 6 = 5*h - 2*h. What is the tens digit of s?
2
Let f(z) = z**3 + 16*z**2 - 18*z - 12. Let x = -33 - -16. What is the units digit of f(x)?
5
Let t be 1*(-3 + (-2 - -2)). Let j be ((-2)/6)/((-2)/(-6)). What is the units digit of t/((-2)/(-6)*j)?
9
Let d = 2 - 2. Suppose 0*v - 4*v + 84 = d. What is the units digit of v?
1
Let g be (-1)/(-5) + 12/(-10). Let h = g - 2. What is the tens digit of 3/h*2 + 17?
1
Let i = 14 + -8. Let w = i - -2. What is the units digit of w?
8
Suppose -2*t + 36 = -6*t. What is the tens digit of 3/t + 40/3?
1
Suppose 284 = 3*q + 2*a, 5*q + a = 4*q + 96. What is the units digit of q?
2
Suppose -4*t + 6 = -2*x, -6*t = -4*x - t. Suppose -n - r = -7, -2*n - x*r + 18 = -r. What is the units digit of n*((-12)/(-10) + 0)?
6
Let y(o) = -2*o + 2. Let t be y(-5). Suppose 20 = 3*r - 0*r - 5*b, -2*b = -5*r + 8. Suppose 0 = 2*w - r*w - t. What is the units digit of w?
6
Let l be (-8 - -10) + (-4 - 1). Let t(q) = q + 3. Let k be t(l). Suppose k = -0*s - 3*s + 51. What is the tens digit of s?
1
Let c = 34 - -104. What is the tens digit of c?
3
Let n = 92 - -32. What is the hundreds digit of n?
1
Suppose 8*f - 3*x = 3*f - 297, 0 = 5*x + 5. Let h = f - -95. What is the tens digit of h?
3
Let t(f) = -f**3 - 2*f**2 + 2*f - 4. Let j be t(-3). Let z = j - -4. What is the tens digit of (-1)/z - (-37)/3?
1
What is the tens digit of ((-2)/(-4))/((-4)/(-312))?
3
Suppose -2*c = l - 11, 0*c = 4*c + 5*l - 19. Let y = -2 - -6. Let w = c - y. What is the units digit of w?
2
Let m(a) be the third deriva